et r be m(-7). Suppose 0 = -67*s + 68*s - r. Calculate the greatest common factor of 13 and s.
13
Let z be (-30 + 12)/(0 + 1). Let d be (-6)/4*60/z. Calculate the highest common factor of d and 185.
5
Suppose 165 = 2*u - 107. Let i be (28/24*-3)/(1/(-68)). What is the greatest common divisor of u and i?
34
Suppose -64*i + 48*i = -432. What is the greatest common factor of i and 22113?
27
Suppose 235*f - 5984 = 167*f. What is the highest common factor of 552 and f?
8
Suppose 2*j + 0*j = 36. Suppose -50*u - 231 = -55*u - q, 0 = 4*u - 2*q - 168. What is the greatest common divisor of j and u?
9
Let c be (4/10)/(2/35). Let d(g) = 9*g**2 - 4 - g + 6*g**2 + 6*g + c. Let s be d(3). Calculate the greatest common divisor of s and 34.
17
Let q(p) = -97*p - 64. Let o be q(-7). Let f = -614 + o. What is the highest common divisor of 61 and f?
1
Suppose 2*m - 75 - 9 = 0. What is the greatest common factor of m and 12?
6
Suppose -21 = -3*d + i, 31*d - 32*d + 9 = -i. Let b be ((-142)/(-4))/(8/16) + -2. Calculate the greatest common factor of d and b.
3
Let z = -1426 - -2076. Let q = z - 632. What is the highest common divisor of 774 and q?
18
Let v be 4/18 + 38/(-171). Suppose v*p + 4*p = 1248. What is the greatest common divisor of p and 39?
39
Suppose -2940 = -214*q + 202*q. Suppose 5*w = 5*r + q, -w + 4*r = -20 - 23. What is the highest common factor of 85 and w?
17
Let i be ((-28)/35)/(3/(-135)). Suppose -5*k = -4*f - 158, 8*f - 5*f = k - i. What is the highest common divisor of 480 and k?
30
Suppose 0 = 39*z + 2*z - 656. Suppose 77 - 93 = -z*s. What is the greatest common divisor of 13 and s?
1
Let y(v) = v**3 + 10*v**2 - 4*v + 32. Let l be y(-12). Let n = l + -160. Let c = n + 533. Calculate the greatest common divisor of 66 and c.
33
Suppose -4*l + 21216 = 34*l - 2*l + 3*l. Suppose -3*w + 4*j + 94 = 0, 1 + 1 = j. What is the greatest common factor of l and w?
34
Let f = 281 - 278. Let k = -19 - -43. What is the highest common factor of k and f?
3
Suppose -8 = -4*f, 110*r - 52 = 109*r + 2*f. Calculate the highest common factor of 168 and r.
56
Let o be 111 + (0 - (-9)/(-3)). Let h be 4/28 - o/(-56)*2. Suppose 4*l - h*q + 3*q = 388, 5*l = -q + 494. Calculate the greatest common factor of l and 28.
14
Let h be ((-4)/5)/(68/(-9180)). Calculate the greatest common divisor of 3429 and h.
27
Let f be 18/(-39) - ((-15360)/13)/12. Calculate the greatest common factor of 602 and f.
14
Let a be 8 + (-33 + -7)*1. Let r be 2 + ((-65)/10)/(4/a). Calculate the greatest common divisor of r and 864.
54
Let r be 13713/70 + (-3)/(-30). Calculate the highest common divisor of 4 and r.
4
Let g be (1/((-4)/12))/(-3) + 2. Let x be ((-35)/(-15) - (-2)/g) + 0. Let j = 47 - 26. Calculate the greatest common divisor of j and x.
3
Let w(f) = -f**3 - 2*f**2 - 6*f + 36. Let z be w(4). Let l = 87 + z. What is the highest common factor of l and 27?
3
Let d(r) = 44 - 30 + 109 + 9*r + 36*r**2 - 40*r. Let s be d(4). Calculate the greatest common factor of s and 23.
23
Let c be 18800/(-150)*1452/(-8). Calculate the greatest common factor of 22 and c.
22
Let s(f) = -4*f**2 + 52*f - 6. Let v be s(8). Calculate the highest common divisor of 143 and v.
11
Let l(a) = 2*a - 12. Let x = 505 - 471. Let k be l(x). Suppose 4*z + 214 = 774. What is the highest common divisor of k and z?
28
Let g be (14 - 17)*(-176)/12. Suppose 0 = g*j - 14*j - 90. What is the greatest common factor of 123 and j?
3
Let x be -1660 + -1 + -4*8/32. Let o be x/(-14) - -1*(-4)/(-14). Calculate the greatest common divisor of 17 and o.
17
Let o(a) = -2*a**3 + 4*a**2 - 5*a + 5. Let c be o(-4). What is the greatest common factor of c and 133?
7
Let p(v) = 11*v + 248. Let j be p(-21). Let b = 398 - -333. What is the greatest common factor of b and j?
17
Let l = 607 - 471. Calculate the highest common factor of l and 160.
8
Let j = 598 + -761. Suppose -3*s + 500 = -205. Let c = s + j. Calculate the greatest common factor of c and 9.
9
Let i be ((-735)/210)/(3/(-2) - -2). Let x(r) = -16*r - 108. Let j be x(i). What is the greatest common factor of j and 98?
2
Let q(s) = 12*s - 53. Let w(o) = 13*o - 53. Let m(t) = 4*q(t) - 5*w(t). Let i be m(3). What is the greatest common factor of i and 14?
2
Let f(c) = -67*c - 117. Let p(l) = 64*l + 117. Let a(y) = 6*f(y) + 5*p(y). Let n be a(-6). What is the highest common divisor of 15 and n?
15
Let i(w) = -3*w**3 - 423*w**2 + 14. Let c be i(-141). Suppose 0 = 6*t - t - 210. Calculate the highest common factor of c and t.
14
Suppose -2 = -10*g + 958. Let w = g + -12. Calculate the greatest common divisor of 21 and w.
21
Suppose 22901 = 2*c - 24417. What is the greatest common divisor of 59 and c?
59
Let m = 3578 - 2552. What is the highest common factor of 285 and m?
57
Let v(r) = 5*r**2 + 14*r + 16. Let o be (2/(-4))/(-7 - (-680)/96). Let w be v(o). What is the highest common factor of w and 14?
14
Let w(k) = -16*k - 107. Let o(t) = 76*t + 534. Let n(u) = 6*o(u) + 28*w(u). Let i be n(-14). Calculate the highest common factor of i and 32.
32
Let p = -5110 + 12308. What is the greatest common factor of p and 122?
122
Let t(i) = 17*i - 20*i + 38*i. Suppose -2*o + 5 = -17*w + 16*w, 2*o - 6 = 2*w. Let z be t(o). What is the greatest common divisor of 10 and z?
10
Let b be (1/2)/((-26)/(-10660)). Let j = 295 - b. What is the greatest common factor of j and 150?
30
Suppose 14*v - 13*v - 10 = -2*l, -5*l + 22 = 2*v. Calculate the greatest common factor of 3830 and l.
2
Let c(r) = 7*r**2 - 9*r - 74. Let o be c(7). Calculate the highest common factor of 3811 and o.
103
Let v(r) = 2*r - 5. Let i be v(5). Suppose i*c = -q + 65, 6*q = -4*c + 8*q + 38. Calculate the highest common divisor of 192 and c.
12
Suppose 0 = -b - m + 2577, 2*b - 4*m - 3752 - 1420 = 0. Calculate the greatest common factor of 420 and b.
60
Suppose 34*k - 5*a = 38*k - 1168, -4*a + 876 = 3*k. Calculate the greatest common factor of k and 73.
73
Let v = -8759 + 12563. Calculate the highest common factor of 24 and v.
12
Suppose 0 = 4*x - 12, -2*n = 3*x - 83 + 10. Suppose -2*c = 4*k - 98, 73 = c + c - k. Let v = c - -41. Calculate the highest common divisor of v and n.
16
Let t = 0 - -4. Let n be -2*((-39)/(-6))/(-13)*(-108)/(-6). What is the highest common divisor of t and n?
2
Let u(x) be the second derivative of -15*x**3/2 - 48*x**2 - 350*x. Let t be u(-6). Calculate the highest common divisor of 957 and t.
87
Let j be ((72/4)/((-112)/96))/(4/(-28)). What is the greatest common factor of 7128 and j?
108
Let m(p) = -3*p**2 + 12*p + 6. Let w be m(3). Let t be (-390)/(-91)*126/w. What is the greatest common factor of t and 12?
12
Let g = -1514 - -1756. What is the greatest common divisor of g and 176?
22
Suppose 3*n = -3*v + 855, -n - 264 = -4*v + 901. Let f = v - 170. Suppose 0 = 4*m - f - 132. Calculate the greatest common divisor of 42 and m.
21
Let v = 249 - 252. Let y be (3/2)/(v/(-28)*7). Suppose d - 32 = -d. Calculate the highest common factor of d and y.
2
Let h(k) be the first derivative of 2*k**2 - 105*k - 7. Let w be h(33). What is the highest common factor of w and 9?
9
Suppose 17*r - 4*l - 1296 = 15*r, 0 = r + l - 645. What is the greatest common divisor of r and 874?
38
Let v be -10 + 0 + 15 + -14 + -1. Let o(t) = -14*t**2 - 143*t - 10. Let s be o(v). Calculate the highest common divisor of 195 and s.
5
Let v be 54 + 0/(-1) + -2. Suppose -441*l - 44616 = -447*l. Suppose 18*i + l = 31*i. What is the highest common factor of v and i?
52
Suppose m + 11*m = -12*m + 332688. What is the highest common factor of 232 and m?
58
Suppose 0 = 101*w - w + 4*w - 10400. What is the highest common factor of w and 300?
100
Let v = 970 + -961. Let c(g) = 3*g - 4. Let n be c(6). Suppose -2*p + 9*x - 4*x = -n, -4 = 2*x. Calculate the greatest common factor of v and p.
1
Let n = -396 - -407. Suppose 15*l = n*l - 4*y + 652, 4*y = -5*l + 820. Calculate the highest common divisor of l and 21.
21
Let t = 170 + -342. Let b = t + 190. What is the highest common factor of 63 and b?
9
Let x be ((-10)/(-2))/(5/2). Suppose x*w = -4*r - 2*w + 48, r - 5*w = -6. Suppose 16*u + r = 17*u. Calculate the highest common factor of 9 and u.
9
Let s = -1421 + 2276. Calculate the greatest common factor of 342 and s.
171
Let x(b) = b**2 - 5*b + 25. Let g be x